me number?
True
Suppose 5*c = -5*q + 5, -3*q = c + c + 2. Suppose -6*m + n + 5336 = -m, m - c*n - 1072 = 0. Is m a prime number?
False
Is (-1116813)/(-42) - (-120)/560 a prime number?
True
Suppose -5*g - 55240 = -5*v, -2*v - 38729 + 5605 = 3*g. Let y = 2401 - g. Is y composite?
True
Let y = -4755 + -1283. Let w = 12705 + y. Is w a composite number?
True
Let h = 224710 + 581913. Is h a prime number?
False
Let x = 527 + -525. Suppose -x*h + 10422 = -35992. Is h a composite number?
True
Suppose 0 = 3*h + 3*d - 225, -h + 4*d + 90 = -0*d. Let v = h + 307. Suppose -v = -4*f - f. Is f prime?
False
Let l = 916900 - 630249. Is l a prime number?
True
Suppose -2*v = -4*u + 36546, 3*v - v + 2 = 0. Suppose 4562 = -8*k + 10*k - a, -4*k + u = a. Is k prime?
False
Let f = -18 + -6. Let v = f - -28. Suppose 2*h + 266 = v*h. Is h composite?
True
Let y = -40513 - -156414. Is y a prime number?
True
Let z(v) = -8. Let j(b) = b + 1. Let n(s) = -2*j(s) + z(s). Let h be n(-5). Suppose l + 613 = 2*r, -2*r + 2*l + l + 611 = h. Is r prime?
True
Let t(z) = -1583*z + 4664. Is t(-69) a composite number?
False
Let h be ((-765)/6)/(8/(-128)). Let l = 3719 - h. Is l prime?
False
Is (-3 + (-2920)/(-16))/(-4 + 4068/1016) composite?
True
Let c = 186 + -162. Suppose 2*z - 4332 = -2*s, 4*s - c = -4. Is z composite?
False
Suppose -7*o + 11211 - 36369 = 0. Let w = o + 2501. Let t = 166 - w. Is t a prime number?
True
Let o(r) = 372*r + 1543. Is o(24) composite?
True
Let y(g) = 6*g**3 - 19*g**2 - 161*g + 31. Is y(20) a composite number?
True
Let c(k) = 52*k - 6 + 1010*k**2 - 54*k + 7. Is c(1) a prime number?
True
Let p(d) = -4*d + 8 - 2*d - 2*d**2 + 3*d**2 + 7*d. Let c(m) = -5*m + 29. Let q be c(8). Is p(q) a prime number?
False
Let a(i) = -i - 30. Suppose 0 = -j - 11*j - 288. Let z be a(j). Is (5588 - (-6)/(-3)) + 6/z a composite number?
True
Let h = -25010 - -36037. Is h a prime number?
True
Let m = -264 - -264. Suppose 3*l = u - 5*u + 400, m = -5*u + 5*l + 535. Is u prime?
True
Let r be -149*7/((-28)/(-8)). Let p = 485 + r. Is p a composite number?
True
Is 7 + 354482 + 0 - (-144)/36 composite?
True
Let w = -226 + 227. Let r(v) = 4853*v**2 + 3*v - 3. Is r(w) composite?
True
Suppose 0 = 18*k + 138*k - 22875684. Is k prime?
True
Suppose -j - 41 = -5*b, -25 = -5*b + 2*j + 17. Is (-16)/(-2) + (b - -8910) prime?
False
Let n be (1*6)/(4 + 25/(-10)). Suppose 5*i - 20*l = -21*l + 5792, n*i - 4642 = 2*l. Is i composite?
True
Suppose 2*k + 79 = 365. Suppose 20823 = -140*o + k*o. Is o prime?
False
Suppose -30*z - 186534 = -24*z. Let a = 56548 + z. Is a a prime number?
False
Let f(l) = 2626*l + 2909. Is f(113) composite?
True
Suppose -2*d + 3*l + l + 4 = 0, -d + 3 = -3*l. Suppose 3*m + 3*c = -13 + 1, 5*m + 3*c + 18 = d. Is ((-14)/m)/(24/828) composite?
True
Let x be (-9)/108 + (-4006)/24. Let a be (-5 + 1)/(4/70). Let p = a - x. Is p a prime number?
True
Suppose 28*r + 8100 = 33*r. Let t = 1419 + r. Is t a composite number?
True
Let p = 493193 + -164758. Is p a prime number?
False
Let v(i) = 39*i**2 + 7*i + 31. Let l be 3/((-18)/(-33)) - 1/(-2). Is v(l) prime?
False
Suppose 1415162 = 63*s - 19*s - 1888314. Is s a prime number?
True
Let d(k) = 11*k**2 + 3*k + 36. Suppose 374*q - 380*q = 42. Is d(q) a prime number?
False
Is (-1 - -7928)/(11 - (-558)/(-51)) composite?
True
Suppose -a - 164*r = -167*r - 138251, 2*a + 3*r = 276448. Is a prime?
False
Let b = 345562 - 160827. Is b prime?
False
Is (-11741445)/18*(240/40 - 32/5) prime?
True
Suppose 90*r = 209*r + 192*r - 16620773. Is r a prime number?
False
Suppose -n = -k + 14, -k = -2*k + 3*n + 24. Let s(i) = 11*i - 38. Let t be s(k). Suppose 901 = -t*q + 62*q. Is q a composite number?
True
Suppose r = 2*r + 830 - 62851. Is r a composite number?
True
Let i(k) = 5*k**2 - 48*k. Let f be i(11). Suppose 71*h = f*h - 63474. Is h composite?
True
Let d be (-475)/(-100) - (-6)/(-8). Let k be d + 25633 + 0 + 0 + 0. Suppose -14*l - 7171 + k = 0. Is l a composite number?
False
Suppose -24*r + 120542017 = 3281761. Suppose 0 = -58*o + r + 183762. Is o prime?
True
Suppose 2*x - 5 + 21 = 0. Let v be -6 - x/(3 - -1). Is (-2)/v - 1524/(-8) prime?
True
Suppose 10*a - 5862838 + 2050508 = 0. Is a composite?
False
Let f(u) = u**2 + 6*u + 10. Let l be f(-3). Is (-189)/27 + 13008/l a prime number?
True
Is 9 - (-129)/(-15) - (-57593)/5 prime?
True
Let u(c) = 37016*c - 4927. Is u(4) a composite number?
False
Let s(f) = 2*f**3 - 63*f**2 + 17*f - 77. Is s(63) composite?
True
Let h(u) = 1548*u - 2687. Is h(101) a prime number?
False
Let t(o) = 2*o**2 + 2*o - 71. Let x be t(7). Let r(s) = 7*s**2 - 32*s - 88. Is r(x) a composite number?
True
Let g = 75 - 71. Suppose -7*x + b + 2578 = -3*x, -g*x = b - 2574. Let k = x - -59. Is k a prime number?
False
Let q(k) be the third derivative of 427*k**4/12 - 5*k**3/2 - 35*k**2. Is q(2) a composite number?
False
Let l(r) = r**2 - 26*r - 23. Let n be l(27). Suppose -2*p + 3138 = -n*s, 3*p - 1260 = s + 3467. Is p a prime number?
False
Let p(b) = b**2 - 9*b + 1. Let k(s) = s**3 + 5*s**2 + 5*s + 2. Let w be k(-3). Suppose -3*l - 24 = -w*l. Is p(l) prime?
True
Let v(z) = 67850*z + 1251. Is v(7) composite?
True
Let r(h) = 61*h**2 - 3311*h - 39. Is r(108) a prime number?
False
Let o(n) = n**3 - n**2 + n - 1. Let m(y) = 8*y**3 + 4*y**2 + 5*y - 7. Let v(s) = m(s) - 4*o(s). Let c be v(-8). Let r = c - -2336. Is r prime?
False
Let u(c) = -70*c**3 + 15*c**2 + 13*c + 43. Is u(-5) composite?
False
Suppose -5*a - m = -192232, 3*m = 66*a - 68*a + 76885. Is a a prime number?
True
Let v(n) = -7*n**2 + 29*n + 51. Let p(f) = -3*f**2 + 14*f + 25. Let c(k) = -5*p(k) + 2*v(k). Let l be c(11). Let r = -27 - l. Is r prime?
True
Let j be 1700/210 - 2/21. Suppose j = 16*u - 12*u. Suppose -u*f - 2*d + 330 = -790, -f + 566 = 3*d. Is f prime?
True
Let d(z) = 1976*z**2 + 3*z - 223. Is d(-12) prime?
False
Let p(v) = -397*v**3 + 6*v**2 - 4*v + 54. Let w be p(6). Let y = -34451 - w. Is y composite?
True
Suppose 3*f = r + 157, r + 3*f = -36 - 91. Let i = -60 + 9. Let s = i - r. Is s a prime number?
False
Let v = 23660 - 13227. Is v a prime number?
True
Is (-20)/110 - 1154762/(-22) prime?
True
Let m = 3082 + -1443. Let k = m - 692. Is k prime?
True
Let d be 33/(-66) + (1 - (-1)/2). Let s be d + 12 + (9 - 13). Is 20949/s - 2/3 composite?
True
Let o = 260 - 572. Let g = o + 222. Is (-15)/g + 1/6*9365 a composite number?
True
Suppose -5*h = 0, 268 + 100 = -2*c + 3*h. Let q be (-1652)/6 + (-2)/(-6). Let o = c - q. Is o a prime number?
False
Suppose -3*u = -145 - 179. Suppose -q - 19 + u = 0. Is q composite?
False
Suppose 0 = 13*p - 3*p + 1800. Let x be 345/4 + 12/16. Let n = x - p. Is n composite?
True
Suppose -2*l - 464 = -6*l. Let k = -114 + l. Suppose k*y = 5*o + 1233, -3*y + 3*o - o = -1844. Is y a prime number?
False
Let f(o) = -10*o - 15. Let d(v) = -v + 1. Let y(q) = -15*d(q) + f(q). Let c be y(14). Let s = c + -6. Is s a prime number?
False
Let h(v) = -2*v**2 + v - 4. Let i be h(7). Let o = i + 85. Is ((-785)/o)/((-1)/(-2)) composite?
False
Let t(w) = 52*w + 29. Let q(g) = -104*g - 58. Let b(c) = 4*q(c) + 9*t(c). Is b(9) a prime number?
False
Let c(r) be the first derivative of -7/3*r**3 - 19*r + 1/4*r**4 - 10 - 16*r**2. Is c(14) a prime number?
False
Let m be (4/(-9))/((-16)/72). Suppose s - m = 3. Suppose -s*k + 8*k = 1329. Is k prime?
True
Suppose 7494 = 16*c - 13*c. Suppose 134*x = 133*x + c. Is x a prime number?
False
Let b(s) = 4*s**2 - s + 11157. Suppose 0 = 5*n + 19*n. Is b(n) a composite number?
True
Suppose -49 = -7*t, -3*t + 52146 = m + 3124. Is m a composite number?
True
Let t(u) = 2*u**2 + 13*u - 1. Let x be t(-7). Suppose r - x*r = 4*o - 3664, 3*o = -r + 2759. Suppose 2*w = 3*q + o + 4118, -3 = -3*q. Is w composite?
False
Suppose j + 38 = -4*y - j, -2*y = -j + 21. Is (-100)/40*1964/y prime?
True
Let d(b) = 562*b**3 - b**2 + b - 11. Let z = -897 + 900. Is d(z) prime?
False
Let r = -11735 + 22683. Let l = 8893 + r. Is l a prime number?
True
Suppose -12*u - 278 = 34. Let w(g) = -27*g - 151. Is w(u) composite?
True
Let x(y) = -777*y**3 - 6*y**2 - 28*y - 56. Is x(-3) prime?
False
Suppose 10*o + 57536 = 42*o. Suppose -t = y - 1364 - o, 3*y = -t + 9488. Is y composite?
False
Let m = -161277 - -273758. Is m composite?
False
Let j = -57424 + 349067. Is j a compos